ctor of 416?
True
Does 5 divide 5252?
False
Is 19 a factor of 47557?
True
Does 8 divide 344?
True
Is 62300 a multiple of 138?
False
Is 6 a factor of 385?
False
Does 44 divide 1144?
True
Is 96 a factor of 2841?
False
Is 12 a factor of 1368?
True
Does 34 divide 3468?
True
Is 38 a factor of 4662?
False
Is 19154 a multiple of 157?
True
Is 41 a factor of 24824?
False
Does 105 divide 49090?
False
Is 14804 a multiple of 2?
True
Is 20 a factor of 1838?
False
Is 16 a factor of 35866?
False
Is 415 a multiple of 5?
True
Does 8 divide 1112?
True
Is 3634 a multiple of 14?
False
Is 33142 a multiple of 229?
False
Does 15 divide 117?
False
Is 3898 a multiple of 43?
False
Is 14938 a multiple of 10?
False
Does 52 divide 20216?
False
Is 1248 a multiple of 24?
True
Does 12 divide 6312?
True
Is 121 a factor of 7744?
True
Does 13 divide 6024?
False
Does 25 divide 11949?
False
Is 1382 a multiple of 20?
False
Does 26 divide 2313?
False
Does 11 divide 3784?
True
Does 71 divide 35909?
False
Is 5 a factor of 11277?
False
Is 2409 a multiple of 33?
True
Does 14 divide 1274?
True
Is 31735 a multiple of 75?
False
Does 37 divide 7028?
False
Is 17450 a multiple of 10?
True
Is 56 a factor of 4670?
False
Does 56 divide 6258?
False
Is 945 a multiple of 27?
True
Is 1131 a multiple of 87?
True
Is 52 a factor of 34008?
True
Does 208 divide 25376?
True
Does 48 divide 4835?
False
Is 8 a factor of 15850?
False
Does 4 divide 89?
False
Is 2744 a multiple of 98?
True
Does 31 divide 1069?
False
Does 7 divide 2254?
True
Does 5 divide 1518?
False
Is 951 a multiple of 14?
False
Does 4 divide 1434?
False
Is 62 a factor of 4585?
False
Does 64 divide 8922?
False
Is 444 a multiple of 28?
False
Is 20 a factor of 220?
True
Does 2 divide 143?
False
Is 6297 a multiple of 18?
False
Does 80 divide 4640?
True
Is 32207 a multiple of 107?
True
Is 740 a multiple of 51?
False
Is 9738 a multiple of 18?
True
Is 37 a factor of 6031?
True
Is 152 a multiple of 19?
True
Does 39 divide 145033?
False
Does 31 divide 446?
False
Does 3 divide 192?
True
Does 22 divide 3894?
True
Is 465 a multiple of 26?
False
Does 81 divide 47223?
True
Is 22248 a multiple of 103?
True
Is 64147 a multiple of 119?
False
Is 1848 a multiple of 88?
True
Is 167 a multiple of 24?
False
Does 181 divide 37105?
True
Is 4 a factor of 8040?
True
Does 11 divide 902?
True
Is 23 a factor of 17044?
False
Is 6 a factor of 6264?
True
Does 19 divide 53371?
True
Is 105 a factor of 36058?
False
Does 7 divide 810?
False
Is 72390 a multiple of 114?
True
Is 4428 a multiple of 82?
True
Is 54 a factor of 724?
False
Does 324 divide 15592?
False
Is 117 a factor of 3783?
False
Is 208 a multiple of 4?
True
Does 4 divide 20?
True
Is 33 a factor of 858?
True
Is 4050 a multiple of 18?
True
Is 238 a multiple of 7?
True
Is 6 a factor of 426?
True
Is 5 a factor of 1039?
False
Is 8 a factor of 4432?
True
Is 598 a multiple of 13?
True
Is 52 a factor of 664?
False
Does 14 divide 70?
True
Is 11049 a multiple of 19?
False
Does 250 divide 6750?
True
Is 52 a factor of 83?
False
Is 40 a factor of 120?
True
Does 17 divide 56763?
True
Is 61640 a multiple of 67?
True
Is 6655 a multiple of 121?
True
Is 27 a factor of 6000?
False
Is 329 a multiple of 47?
True
Does 14 divide 561?
False
Is 1068 a multiple of 6?
True
Is 255 a multiple of 13?
False
Is 187 a multiple of 57?
False
Does 48 divide 25920?
True
Does 53 divide 2703?
True
Is 8 a factor of 4080?
True
Does 13 divide 182?
True
Is 52244 a multiple of 4?
True
Does 13 divide 1729?
True
Is 112 a factor of 9211?
False
Does 17 divide 567?
False
Does 291 divide 157181?
False
Is 4 a factor of 626?
False
Is 1118 a multiple of 43?
True
Is 232 a multiple of 52?
False
Is 1200 a multiple of 48?
True
Does 27 divide 36288?
True
Is 3 a factor of 4156?
False
Is 110 a factor of 2530?
True
Is 4155 a multiple of 3?
True
Is 927 a multiple of 5?
False
Does 75 divide 83221?
False
Is 83 even?
False
Is 124 even?
True
Does 29 divide 72181?
True
Is 47 a factor of 253?
False
Is 135 a multiple of 36?
False
Is 23 a factor of 7222?
True
Is 1048 a multiple of 9?
False
Is 8173 a multiple of 11?
True
Does 57 divide 13395?
True
Does 29 divide 41325?
True
Is 343 a multiple of 48?
False
Is 3651 a multiple of 38?
False
Is 4145 even?
False
Is 124 a factor of 46631?
False
Does 91 divide 13468?
True
Is 16169 a multiple of 227?
False
Is 10 a factor of 8440?
True
Is 16 a factor of 1025?
False
Is 4 a factor of 611?
False
Is 16280 a multiple of 6?
False
Is 18 a factor of 329?
False
Does 17 divide 472?
False
Does 316 divide 14852?
True
Is 292 a factor of 53144?
True
Is 21 a factor of 693?
True
Is 9306 a multiple of 8?
False
Does 57 divide 6897?
True
Is 5 a factor of 44515?
True
Is 14236 a multiple of 29?
False
Is 20 a factor of 8480?
True
Is 23 a factor of 53886?
False
Is 31 a factor of 2728?
True
Is 4704 a multiple of 42?
True
Is 31 a factor of 8128?
False
Is 104988 a multiple of 32?
False
Is 14 a factor of 224?
True
Is 105 a multiple of 3?
True
Does 29 divide 4757?
False
Is 99 a factor of 39006?
True
Does 69 divide 8858?
False
Does 101 divide 43731?
False
Is 441 a multiple of 49?
True
Is 1501 a multiple of 55?
False
Is 7098 a multiple of 14?
True
Is 52 a factor of 14621?
False
Does 9 divide 214?
False
Is 12 a factor of 60?
True
Is 26027 a multiple of 15?
False
Is 15 a factor of 22680?
True
Does 100 divide 1805?
False
Is 88 a factor of 4576?
True
Is 45 a factor of 7840?
False
Does 70 divide 1931?
False
Is 41971 a multiple of 47?
True
Is 46 a factor of 5393?
False
Is 104 a factor of 20072?
True
Is 2 a factor of 657?
False
Is 3510 a multiple of 3?
True
Is 105 a factor of 22155?
True
Does 12 divide 500?
False
Is 4 a factor of 81?
False
Does 27 divide 1917?
True
Is 5842 a multiple of 24?
False
Does 20 divide 580?
True
Is 81 a factor of 11354?
False
Is 60 a factor of 3660?
True
Is 36 a factor of 78984?
True
Does 90 divide 7486?
False
Is 28544 a multiple of 223?
True
Is 1768 a multiple of 17?
True
Does 34 divide 11294?
False
Does 41 divide 32316?
False
Is 10075 a multiple of 25?
True
Is 11532 a multiple of 45?
False
Is 1729 a multiple of 76?
False
Is 77 a multiple of 11?
True
Is 120 a factor of 6552?
False
Does 56 divide 11621?
False
Is 9 a factor of 38691?
True
Does 189 divide 73594?
False
Is 30 a factor of 1140?
True
Is 7820 a multiple of 34?
True
Does 34 divide 8330?
True
Does 22 divide 20237?
False
Is 3871 a multiple of 5?
False
Is 580 a multiple of 20?
True
Is 10 a factor of 870?
True
Is 21 a factor of 651?
True
Is 731 a multiple of 30?
False
Is 3 a factor of 2032?
False
Is 76 a factor of 1363?
False
Is 1508 a multiple of 13?
True
Is 941 a multiple of 12?
False
Does 19 divide 23860?
False
Is 46454 a multiple of 11?
False
Is 2418 a multiple of 6?
True
Does 45 divide 1980?
True
Does 22 divide 7584?
False
Is 25 a factor of 8625?
True
Does 82 divide 2391?
False
Is 67 a factor of 54885?
False
Is 5536 a multiple of 14?
False
Is 11591 a multiple of 225?
False
Is 41586 a multiple of 239?
True
Does 11 divide 260?
False
Is 267 a multiple of 8?
False
Is 18 a factor of 270?
True
Is 550 a multiple of 25?
True
Is 3 a factor of 6467?
False
Is 204 a multiple of 6?
True
Is 532 a multiple of 13?
False
Is 7804 a multiple of 12?
False
Does 13 divide 4719?
True
Is 11 a factor of 37162?
False
Is 14018 a multiple of 56?
False
Is 35 a factor of 10746?
False
Is 17519 a multiple of 11?
False
Is 11 a factor of 111969?
True
Is 14 a factor of 15456?
True
Is 8 a factor of 1563?
False
Does 4 divide 197?
False
Is 30 a factor of 31328?
False
Is 1416 a multiple of 12?
True
Does 161 divide 7889?
True
Does 24 divide 1296?
True
Is 3 a factor of 492?
True
Is 46452 a multiple of 294?
True
Does 90 divide 5013?
False
Does 13 divide 1537?
False
Is 4089 a multiple of 47?
True
Does 48 divide 7927?
False
Does 9 divide 3598?
False
Does 90 divide 13230?
True
Is 61 a factor of 824?
False
Is 12495 a multiple of 21?
True
Does 179 divide 26134?
True
Is 27 a factor of 2592?
True
Is 22 a factor of 308?
True
Does 18 divide 95634?
True
Is 18 a factor of 43416?
True
Is 39 a factor of 741?
True
Is 63 a factor of 5292?
True
Does 8 divide 588?
False
Is 599 a multiple of 34?
False
Does 4 divide 1380?
True
Is 2440 a multiple of 50?
False
Is 15 a factor of 13864?
False
Is 2730 a multiple of 12?
False
Does 2 divide 2977?
False
Is 12